?
10
Suppose 0 = k + 27 + 3. Let r = -23 - k. What is the remainder when 27 is divided by (r - -13)*1/2?
7
Suppose 2*v + 0*v - 12 = 0. What is the remainder when (-6 + 1 + 98)/3 is divided by v?
1
Let m be 1*0*1/3. Suppose m = 2*w - 2 - 0. Suppose -4*p + 5*s - 17 = 0, -22 = -p - 7*s + 3*s. Calculate the remainder when p is divided by w.
0
Let q(i) = -i**2 - 2*i - 146. Let v be q(0). Let r = -63 - v. Let f = -29 + 50. What is the remainder when r is divided by f?
20
Let k = 28 - 31. Let g be (-4 - -5) + 2 + k. Suppose -t + 3*y - 2 = g, t + y + y - 18 = 0. What is the remainder when 39 is divided by t?
9
Suppose -3*k - 3*y - 3 = 0, 5*k + 0*y - 10 = -2*y. Calculate the remainder when (6*(-1)/3)/(k/(-154)) is divided by 20.
17
Let l(h) = h**2 + 25 + 5*h + 2*h - 32 - 2*h**2. What is the remainder when l(5) is divided by 1?
0
Suppose 5*y = -5*d + 225, 3*d = -4*y - 2*d + 178. Suppose 23*g - 22*g - 24 = 0. Calculate the remainder when y is divided by g.
23
Suppose 0 = 5*c - 0*c - 4*s - 29, -c = 2*s - 3. Calculate the remainder when (-2)/(-4) + 73/2 is divided by -26*-3*c/30.
11
Let f(v) = 228*v**3 + 5 + 4*v + 6*v**2 - v - 229*v**3. Suppose -1 = -z + 5. What is the remainder when f(z) is divided by 6?
5
Let r = 60 - 16. What is the remainder when r is divided by 31?
13
Suppose 9*g - 4*g - 280 = 0. Suppose -3*q + 9*f - 4*f + g = 0, 0 = 4*f - 8. What is the remainder when (-9)/(-6)*13/(39/216) is divided by q?
20
Let s(i) = -i**2 - 35*i - 244. What is the remainder when s(-24) is divided by (-1)/((-1)/7*1)?
6
Let j = 4 + 12. Let c = -146 + 204. What is the remainder when c is divided by j?
10
Suppose -c - p = 3*c + 1, 4*c - 3*p = 3. Suppose c = 12*n - 8*n - 28. What is the remainder when 27 is divided by n?
6
Let r be (-3)/6 - (-57)/6. Let q(t) = t**3 - 8*t**2 - 4*t + 12. What is the remainder when q(r) is divided by 30?
27
Suppose 3*p - 2*k = 579, 4*k = 2*p - 0*p - 394. Calculate the remainder when p is divided by 32.
31
Let x(o) = 24*o**2 - 4*o - 3. Calculate the remainder when 69 is divided by x(-1).
19
Suppose 0 = 3*m + 1 - 10. Calculate the remainder when 46 is divided by (m - (1 - 0)) + 8.
6
Suppose -2*c = -c - 9. Let a(g) = g**2 + 9*g + 13. Calculate the remainder when a(-9) is divided by (-26)/(-6) - (-6)/c.
3
Let s(w) = w**2 - 36*w + 144. Calculate the remainder when 415 is divided by s(32).
15
Suppose -217 + 43 = -2*s + 5*c, -3*s = -5*c - 266. Suppose 160 = -0*f + 5*f. What is the remainder when s is divided by f?
28
Suppose -p - 2*w = -84, 3*p - w - 143 = p. Let a(s) = -s + 0 + 15 + 0. What is the remainder when p is divided by a(-10)?
24
Let p be ((-12)/(-15))/(4/940). Suppose -p - 16 = -4*z. What is the remainder when 101 is divided by z?
50
Let s(z) = -z**2 + 9*z - 5. Let k = -23 - -37. Suppose -3*v + 5*v - k = 0. Calculate the remainder when s(6) is divided by v.
6
Let o(r) = -18*r - 2. Suppose 0 = 56*x - 59*x - 15. What is the remainder when o(x) is divided by 18?
16
Suppose u = -4 - 1. Calculate the remainder when (24/10)/(-3)*-10 is divided by (u/(-2))/((-1)/(-2)).
3
What is the remainder when (-6)/15 - (-10917)/5 is divided by 104?
103
Let c(i) be the second derivative of 2*i**4/3 + i**3/3 + i**2/2 - 12*i. Calculate the remainder when c(-3) is divided by 34.
33
Suppose -b - 2*f + 31 = 3*f, -5*b - f = -35. Suppose 5*z - 9 = -3*q - 0*q, 0 = 3*q + b. Calculate the remainder when 14 is divided by z.
2
Let t(c) = -c**2 - 14*c - 7. Suppose 0 = 3*p - 8*p, 5*l - 10 = p. Calculate the remainder when t(-7) is divided by (0 + 13 - l)*1.
9
Let o(u) = 2*u - 1. Suppose -r + 14 = 5*j, 4*j + 3*r = 2 + 7. Calculate the remainder when o(8) is divided by j.
0
Suppose -67 - 437 = x. What is the remainder when ((-46)/(-4) - -2)/((-27)/x) is divided by 23?
22
Suppose 0 = -2*l - 0*l + 228. Calculate the remainder when (l/8)/(2/8) is divided by 20.
17
Suppose 28*u + 900 = 43*u. What is the remainder when 266 is divided by u?
26
Suppose -11*b + 198 = -165. Calculate the remainder when 48 is divided by b.
15
Suppose 5*f - 4 = 7*f. What is the remainder when 23 is divided by -12*(1*f)/(-9 - -11)?
11
Let v = 2279 + -2199. Calculate the remainder when 180 is divided by v.
20
Let y = -42 - -206. Calculate the remainder when y is divided by 12.
8
Suppose -32*x + 962 + 2462 = 0. Calculate the remainder when 413 is divided by x.
92
Calculate the remainder when -2 - -724*3/12 is divided by 26.
23
Let o(p) = p**3 + 5*p**2 - 9*p - 8. Let s = 15 + 13. What is the remainder when s is divided by o(-6)?
8
Suppose 2*z + 3*z = 3*m - 100, m - 20 = -z. What is the remainder when m is divided by 11?
3
Suppose -18 = -3*v + l + 44, -14 = -v + 2*l. What is the remainder when 41 is divided by v?
19
Calculate the remainder when 8/(-14) - ((-24992)/77 + -11) is divided by 108.
11
Suppose 0 = z - 983 - 383. What is the remainder when z is divided by 76?
74
Suppose 1 = -3*x + 3*o + 4, -5*x + 3*o = 3. What is the remainder when 13 is divided by 234/27 + 2/x?
5
Let u = 352 + -317. Calculate the remainder when 133 is divided by u.
28
Let c(v) = -v + 15. Let r be c(7). Suppose -355 = -r*q - 91. What is the remainder when q is divided by 9?
6
Suppose -2*p + 36 = -8*p. Calculate the remainder when (-8)/p - (-4578)/63 is divided by ((-1)/(-2))/((-2)/(-76)).
17
Let u be (-2)/(-2 - 3/(-2)). Calculate the remainder when 14 is divided by (u - -3)/(4/4).
0
Suppose -41 = -3*f - 5. Suppose -f = -5*s + s. Suppose -33 = -3*x - 9. Calculate the remainder when x is divided by s.
2
Let d(r) = r**3 + 5*r**2 - 8*r + 12. Let h be d(-7). What is the remainder when 580/h*6/(-4) is divided by 16?
13
Calculate the remainder when 8/16*-2*(-123 - -2) is divided by 44.
33
Let y = -24 + 35. Let j be 2 - (6/3 - 0). Suppose 13*q - 17*q + 24 = j. Calculate the remainder when y is divided by q.
5
Suppose 4*i = 2*j + 124, 0 = i - 5*i + 3*j + 124. Suppose -3*l + 3*q = -42, 0 = -3*q - 2*q - 15. What is the remainder when i is divided by l?
9
Let c = -4 + 26. Let z = 28 - 22. Let u = z + 0. What is the remainder when c is divided by u?
4
Let k = 55 - 55. Suppose k = -m - 8 + 33. What is the remainder when 198 is divided by m?
23
Let q(v) = v**3 + 9*v**2 + 9*v - 5. Let k(z) = -z**3 + 6*z**2 - 19*z + 122. Calculate the remainder when q(-7) is divided by k(6).
6
Let u(w) = w**3 + 6*w**2 + 2*w + 30. Let c(f) = -8*f**3 - f + 2. What is the remainder when c(-2) is divided by u(-6)?
14
Let z = 2671 + -1399. What is the remainder when (2/6)/(8/z) is divided by 7/(1 + 2/(-4))?
11
Let g = 39 + -10. Suppose -3*u + x = -24, -3*u - x - x = -24. Calculate the remainder when g is divided by u.
5
Let w = -383 + 438. Calculate the remainder when w is divided by 29.
26
What is the remainder when 158 is divided by -4*((-30)/(-5) - 10)?
14
Let c = 820 - 282. Calculate the remainder when c is divided by 18.
16
Suppose 0 = -4*o + 3*k + 39, 5*k - 51 = -3*o - 0*k. Let n = 111 - 66. Calculate the remainder when n is divided by o.
9
Suppose 4562 - 1525 = 3*x + 4*w, -x + 1015 = 2*w. Calculate the remainder when x is divided by 72.
71
Let r = -6 + 5. Let k be (6/3 - r) + 11. Suppose 32 = h + 4*j, h + 5*j - 22 - k = 0. What is the remainder when h is divided by 3?
1
Let r = -15 + 21. Suppose 5*u + 5 = 0, 2*p = -0*u + 2*u + 28. Calculate the remainder when p is divided by ((-9)/r)/((-1)/2).
1
Let d = -79 + 72. Let o(s) = -3*s + 1. Calculate the remainder when 55 is divided by o(d).
11
Let i = 21 + -26. What is the remainder when (21/i)/((-2)/20*2) is divided by 12?
9
Let g(m) = -m**2 - 10*m + 1. Let r be g(-11). Let d = r - -29. Calculate the remainder when d is divided by 5.
4
Suppose 2*s - 15 = 8*p - 9*p, 3*s = -2*p + 22. What is the remainder when 27 is divided by s?
3
Let s(b) = -b**3 + 11*b**2 - 10*b - 17. What is the remainder when 221 is divided by s(6)?
15
Suppose 28*k = 52*k - 3600. Calculate the remainder when k is divided by 34.
14
What is the remainder when 191 is divided by (-40)/16*(-32)/10?
7
Let x = -56 - -84. Let r(y) = -y**2 + 7*y + 10. Let l be r(8). Suppose -4*d + 0*d = 3*m - 54, 4 = -l*m. Calculate the remainder when x is divided by d.
13
Let v(h) = 2*h**2 + 15*h - 2. What is the remainder when 161 is divided by v(-8)?
5
Suppose -2*s - 3*c = -c - 6, -2*s - 1 = -5*c. Calculate the remainder when 41 is divided by s - 3 - (-5)/(20/